of q?
17
Let o(p) = -2*p**3 - 4*p**2 - 7*p + 5. Let b(x) = x**3 + 2*x**2 + 3*x - 2. Let w(c) = 7*b(c) + 3*o(c). Let z be w(-2). List the prime factors of -2*-1*9 - z.
17
Let w = 646 + -292. List the prime factors of w.
2, 3, 59
Let a be 15*2 - 20/10. Let q = a - 17. What are the prime factors of q?
11
Let i(c) = c - 2. Let a be i(7). Let y = a + 17. List the prime factors of y.
2, 11
Let d be (-3)/9 - (-1)/3. Suppose 56 = 4*l - d*l. What are the prime factors of l?
2, 7
Let x be 1*-4*2/(-4). Suppose -x*z - 6 = -24. Let i = -1 + z. What are the prime factors of i?
2
Let s be (-30)/(-1) + -6 + 7. Suppose g + a = 2*g - 12, 0 = 2*g + 5*a - s. List the prime factors of g.
13
Let y(w) = w + 2. Let l be y(-2). Suppose l = 3*s + 5*n - 30, -n = -5*s + n + 50. What are the prime factors of s?
2, 5
Suppose 4*f = 72 + 136. List the prime factors of f.
2, 13
Let d be 0 - (-2 + 4) - -1. Let j be (2/(-3))/((-4)/138). List the prime factors of j/3 + d/(-3).
2
Let l be 101/(-4) + (-2)/(-8). Let b = l + 40. List the prime factors of b.
3, 5
Let t = 200 + -78. List the prime factors of t.
2, 61
Suppose 0 = -21*a + 18*a + 174. List the prime factors of a.
2, 29
Let z be (-1 + 3)/(1/3). List the prime factors of -3 - z/2*-12.
3, 11
Suppose -n - 2*n + 11 = 2*d, -3*n = -5*d - 4. Let g = d - -2. List the prime factors of g.
3
Let h = 11 - 8. Let a(g) = 3*g - 2. Let c be a(2). Suppose 3*b - 44 = -4*v, h*v = c*b - 22 + 5. What are the prime factors of b?
2
Suppose 3*d + 10 = -f, -5*f + 3*f = 5*d + 19. Let s = f - -26. List the prime factors of s.
19
Let l(d) = d + d - 3*d + 2. Let n be l(8). What are the prime factors of ((-4)/6)/(n/99)?
11
Let j = 26 + -11. What are the prime factors of j?
3, 5
Let s(b) = b**2 + 12*b - 1. What are the prime factors of s(-14)?
3
Suppose 0*h + 19 = 4*h + z, 5*h = -3*z + 29. Suppose -q + h*q - 12 = 0. Suppose 28 = -0*u + q*u. List the prime factors of u.
7
Suppose 11*c = 13*c + 4. List the prime factors of (1/c)/(6/(-492)).
41
Suppose 0*o + 2*h = o + 12, o + 9 = h. Let f be 267/(-39) - o/(-39). Let t = -4 - f. List the prime factors of t.
3
Suppose -j + 4 = -3*m + 17, -4*m + 4*j + 20 = 0. Suppose -m = -i + 26. What are the prime factors of i?
2, 3, 5
Let x(v) = -4*v**2 + 28*v + 22. Let m(b) = -b**2 + 9*b + 7. Let j(q) = -7*m(q) + 2*x(q). Let l be 8/(-2) + 2 + -2. List the prime factors of j(l).
7
Let c(v) = v - 1. Let d be (2 - (-2)/4)*2. Let p be c(d). Suppose p*s = 11 + 25. List the prime factors of s.
3
Let v = -171 + 314. What are the prime factors of v?
11, 13
Let t(s) = s**3 - 3*s**2 - 2*s + 1. Let c be t(4). What are the prime factors of -12*(0 - c/12)?
3
Let a(j) = 2*j**2 + 50. What are the prime factors of a(0)?
2, 5
Let g(c) = -c**3 - 2*c**2 + 2*c + 4. List the prime factors of g(-5).
3, 23
Let s = 8 - 3. Suppose -5*z + 75 = 5*v, z = 3*z - s*v - 16. Let y = z + -6. What are the prime factors of y?
7
Let h(y) = y**3 + 2*y**2 - 2*y - 6. Let w be h(-5). Let k = 125 + w. List the prime factors of k.
2, 3
Let u(g) = 3*g - 10. Let m(r) = -r - 7. Let x(t) = 3*t + 15. Let b(z) = -5*m(z) - 2*x(z). Let o(q) = 5*b(q) + 3*u(q). What are the prime factors of o(5)?
3, 5
Suppose 0 = -3*k - 3*k - 78. Let w = k - -52. What are the prime factors of w?
3, 13
Let s = 4 + -3. Suppose -s + 13 = 4*h. Suppose 3*b + 70 = 5*a, -2*b + h*b + 16 = a. List the prime factors of a.
11
Let l = -4 - -17. Let a = l + -7. Suppose -7*o + a = -4*o. List the prime factors of o.
2
Let g(v) be the first derivative of v**4/4 - 4*v**3/3 - 4*v**2 + v - 4. List the prime factors of g(6).
5
Let s = 82 + -23. List the prime factors of s.
59
Let z = 6 - 46. What are the prime factors of (-20)/(-70) + z/(-7)?
2, 3
Let c(u) = u + 65. What are the prime factors of c(0)?
5, 13
Let q be ((-18)/10)/(2/(-10)). Suppose -3*z = q, 4*r + 2*z - 7 - 39 = 0. What are the prime factors of r + (1 - 4/2)?
2, 3
Let c = -12 + 5. Let i = 22 + c. What are the prime factors of i?
3, 5
Let t = -12 - -69. Suppose -5*n + 20 = 0, 5*u - n - 14 = t. What are the prime factors of u?
3, 5
Suppose -l + 1 + 1 = 0. Suppose 5*c - 6 = -3*m, 6*m - 3*m - l*c - 6 = 0. Suppose 0 = 5*z - m*z - 15. What are the prime factors of z?
5
Let d be 2/(-1) - (-1 - 6). List the prime factors of d/3 + 3/9.
2
Let i(g) = -g**2 + g - 1. Let r(y) = 7*y - 7. Let h = 4 - 5. Let a(b) = h*r(b) + i(b). List the prime factors of a(-5).
11
List the prime factors of 2/9 + (-752)/(-18).
2, 3, 7
Suppose -5*m = -4*m + 7. Let p(i) = -i**2 - 9*i + 7. Let q(c) = c**2 + 8*c - 8. Let o(k) = -2*p(k) - 3*q(k). List the prime factors of o(m).
3
Let d = -174 - -246. List the prime factors of d.
2, 3
Let z = -42 - -24. Suppose -4*b + 1 = -3*r - 32, -b + 31 = -4*r. What are the prime factors of (-18)/r*(-84)/z?
2, 3
Let n(c) = 3*c - 5. Let l be n(2). What are the prime factors of (-3 - (2 + -26))*l?
3, 7
Suppose 16 = -2*z + 6*z. Suppose 109 = z*l - 43. What are the prime factors of l?
2, 19
Let f(d) be the second derivative of 13*d**4/12 + d**2/2 - 2*d. Let s be f(-1). Suppose -5*w = -2*v - 63, 0*w - 2*w + s = 2*v. List the prime factors of w.
11
Suppose 9 = -n - 3*k + 7*k, -12 = -4*k. Suppose 4*z - 5 = n. What are the prime factors of z?
2
Suppose 6*o - 4*o - 36 = 0. What are the prime factors of o?
2, 3
Let k be 22*(2 - (-5)/(-2)). Let h = 29 + k. Let u = h + -13. List the prime factors of u.
5
List the prime factors of (-4 - -2*7)*(-11)/(-2).
5, 11
Let o be -23 + 3 + 0 + -3. Let f = o + 58. List the prime factors of f.
5, 7
Suppose -17 = 2*d - 5*b, -2*d + 4*b = -4*d + 28. Suppose -5*s + 15 = -d*u, -5*s + 0 = -5*u - 10. Suppose g + 0 = s. What are the prime factors of g?
7
Let r(c) = c**2 + c - 5. What are the prime factors of r(5)?
5
Suppose 2*j = 26 + 24. Suppose 0*o = o - j. What are the prime factors of o?
5
Let q(u) = -3*u - 5. Let x(k) = k. Let o be x(-5). Let i be q(o). Let g = i - 7. What are the prime factors of g?
3
Let g(s) = 2*s - s - 8 - 2*s. Let f be g(-6). What are the prime factors of 2/(-1) - -4 - f?
2
Let s(t) = t - 8. Suppose m - 9 = 43. Suppose -5*k - v + m = 0, -k + 7 + 16 = -4*v. List the prime factors of s(k).
3
List the prime factors of (14/(-28))/(1/(-54)).
3
Let y(v) = -6*v - 3. Let n be y(6). Let c = n - -67. What are the prime factors of c?
2, 7
Let z = 2 + 0. Let a be (z - 2)*(0 - -1). Suppose a = g - 3*g + 22. What are the prime factors of g?
11
Let a(u) = -u**3 + u - 1. Let z be a(2). Suppose 0 = -5*p + 38 - 13. What are the prime factors of (z + p)*-3*1?
2, 3
Suppose 3*d - d = 50. Suppose 5*q - 5 = 5. Suppose d = -q*n + 7*n. List the prime factors of n.
5
Let l = -725 - -1093. What are the prime factors of l?
2, 23
Let s = 78 - 73. What are the prime factors of s?
5
Let g(m) = 11*m**3 + 5*m**2 - 20*m - 20. Let i(l) = -4*l**3 - 2*l**2 + 7*l + 7. Let r(o) = -3*g(o) - 8*i(o). List the prime factors of r(-3).
2, 7
Let a(z) = -38*z + 1. Let d be a(-1). Let p = d - 28. List the prime factors of p.
11
Let z(o) = -o**2 - 3*o + 2. Let h be z(-4). Suppose -2*n + 11 + 19 = 0. List the prime factors of 1*(-3 + h + n).
2, 5
Let v be 2/5 - (-23)/5. Suppose 5*r - 37 + 12 = 0. Suppose -4*l + r*b + 12 = 0, -4*l - b + v = -31. List the prime factors of l.
2
Suppose -2*x = -95 + 13. Let v = -21 + x. List the prime factors of v.
2, 5
Suppose -3*k - 4*u + 48 = k, -u - 2 = 0. What are the prime factors of k?
2, 7
Suppose 57 = -g - 2*g. Let n = g + 49. Suppose n = 5*j - 0*j. List the prime factors of j.
2, 3
Let j = -21 + 14. Let p = -4 - j. Suppose -12 = -p*m - m. List the prime factors of m.
3
Let i be -2 - (0 - (1 + 4)). Suppose 0 = j - i*j + 14. What are the prime factors of j?
7
Let f(q) = -35*q. Let a be f(-3). Suppose -a = p - 4*p. List the prime factors of 10/p - 40/(-7).
2, 3
Let j be (-2)/(-4)*0/4. Suppose -76 = -4*n - j*n. What are the prime factors of n?
19
Let d(k) = 2*k + 0*k + k - 9 + 0. What are the prime factors of d(10)?
3, 7
Suppose -4*m - 9 = -29. Let w(q) = -q - 10. Let v be w(-10). Suppose 4*k + 4*b - 80 = v, 97 = -0*k + m*k + 4*b. List the prime factors of k.
17
Let k(v) = -v + 8. Let i be k(6). Suppose -5*z = 2*r + 9, i = -2*r - 3*z + 3. What are the prime factors of r?
2
Suppose -5*k - 2*n + 16 = 0, -3*n + 15 = 4*k - k. Let x be (10/8)/(k/8). Suppose 8 = 5*i - 12, -c + 31 = x*i. List the prime factors of c.
11